?
True
Is 9797 a prime number?
False
Is 1707 prime?
False
Is 10151 composite?
False
Is 443117 composite?
False
Is 20122 prime?
False
Is 13619 composite?
False
Is 107609 prime?
True
Is 4562549 a composite number?
True
Is 8259 prime?
False
Is 3258001 prime?
True
Is 157 a composite number?
False
Is 91933 composite?
True
Is 14621 a composite number?
False
Is 65051 a composite number?
True
Is 943 a prime number?
False
Is 17837 a prime number?
True
Is 4861 a prime number?
True
Is 6079 a composite number?
False
Is 48451 prime?
False
Is 30029 a prime number?
True
Is 986093 a composite number?
True
Is 330121 a composite number?
True
Is 16719 prime?
False
Is 521 a composite number?
False
Is 115679 composite?
False
Is 113279 a composite number?
False
Is 438341 composite?
False
Is 199249 composite?
True
Is 11289229 composite?
True
Is 13198 a composite number?
True
Is 124631 composite?
True
Is 282361 prime?
False
Is 1411 a prime number?
False
Is 692131 a prime number?
False
Is 5267 prime?
False
Is 47665 a prime number?
False
Is 1640531 prime?
True
Is 76207 composite?
False
Is 3523081 a composite number?
False
Is 123781 a prime number?
False
Is 42131 prime?
True
Is 16327 a prime number?
False
Is 19571 a prime number?
True
Is 558218 prime?
False
Is 115201 a composite number?
False
Is 27077 a composite number?
False
Is 208139 prime?
True
Is 85081 composite?
False
Is 1268065 prime?
False
Is 14483 composite?
True
Is 11829 prime?
False
Is 130043 a composite number?
False
Is 193195 prime?
False
Is 7817 a prime number?
True
Is 5342 prime?
False
Is 107443 a composite number?
True
Is 27941 a prime number?
True
Is 7427 a composite number?
True
Is 306991 a prime number?
True
Is 45523 a composite number?
False
Is 6089 composite?
False
Is 36349 a prime number?
False
Is 291647 prime?
True
Is 62911 a composite number?
True
Is 1049393 a prime number?
False
Is 1101806 a prime number?
False
Is 1083143 prime?
False
Is 17197 a composite number?
True
Is 205063 a composite number?
False
Is 26293 prime?
True
Is 1981543 composite?
False
Is 42323 composite?
False
Is 190387 prime?
True
Is 79229 prime?
True
Is 7727 composite?
False
Is 11717 composite?
False
Is 365663 prime?
False
Is 22233 composite?
True
Is 866759 a composite number?
False
Is 84619 a composite number?
True
Is 15811 a prime number?
False
Is 910799 prime?
True
Is 34667 composite?
False
Is 2030677 prime?
False
Is 6557 prime?
False
Is 231523 a prime number?
False
Is 7069 prime?
True
Is 27689 a composite number?
False
Is 110527 a prime number?
True
Is 348617 a composite number?
False
Is 63807 prime?
False
Is 419999 a composite number?
False
Is 4559 composite?
True
Is 10921 prime?
False
Is 14109 prime?
False
Is 128143 prime?
False
Is 65119 a composite number?
False
Is 4861 a composite number?
False
Is 211 a composite number?
False
Is 2364415 a composite number?
True
Is 32641 a composite number?
True
Is 14579 a composite number?
True
Is 305999 prime?
True
Is 111821 a prime number?
True
Is 9299 composite?
True
Is 84541 composite?
True
Is 46193 a prime number?
False
Is 71663 composite?
False
Is 262165 a composite number?
True
Is 121487 prime?
True
Is 97793 a prime number?
False
Is 1700845 a composite number?
True
Is 705613 prime?
True
Is 180347 composite?
False
Is 874561 prime?
False
Is 21923 a prime number?
False
Is 2500999 composite?
False
Is 3101 prime?
False
Is 261803 composite?
True
Is 3098 prime?
False
Is 24173 a prime number?
False
Is 581 prime?
False
Is 1399 a prime number?
True
Is 79493 composite?
False
Is 14038 a prime number?
False
Is 502301 a composite number?
False
Is 24011 a prime number?
False
Is 1633 composite?
True
Is 70405 prime?
False
Is 194255 composite?
True
Is 7901 prime?
True
Is 824578 a composite number?
True
Is 1353763 composite?
False
Is 78257 prime?
False
Is 386809 composite?
False
Is 40682 composite?
True
Is 3821 a composite number?
False
Is 1606361 composite?
True
Is 534551 a composite number?
True
Is 102481 composite?
False
Is 983771 a prime number?
True
Is 19063 composite?
True
Is 12569 a composite number?
False
Is 13971 prime?
False
Is 2184155 a prime number?
False
Is 16171 a prime number?
False
Is 175799 a prime number?
False
Is 30127 prime?
False
Is 317 a prime number?
True
Is 5507 a prime number?
True
Is 5791 a prime number?
True
Is 41381 a prime number?
True
Is 2681 a composite number?
True
Is 73655 a prime number?
False
Is 23407 prime?
False
Is 54719 prime?
False
Is 558223 composite?
False
Is 393847 a composite number?
False
Is 212149 a composite number?
True
Is 253 a prime number?
False
Is 26759 composite?
False
Is 407 a prime number?
False
Is 118889 a prime number?
False
Is 57169 composite?
True
Is 16293 a composite number?
True
Is 8499 prime?
False
Is 80897 prime?
True
Is 1163 composite?
False
Is 75821 a composite number?
False
Is 106223 a prime number?
False
Is 12761 a composite number?
True
Is 1094 a prime number?
False
Is 10821 prime?
False
Is 16649 prime?
True
Is 303341 a composite number?
False
Is 43315 composite?
True
Is 237769 prime?
False
Is 1189 prime?
False
Is 1180099 composite?
False
Is 1439 prime?
True
Is 7603 a composite number?
False
Is 1799309 prime?
True
Is 244667 prime?
True
Is 3131 a composite number?
True
Is 5599 composite?
True
Is 5723103 prime?
False
Is 74587 prime?
True
Is 570271 prime?
False
Is 13963 prime?
True
Is 2159 composite?
True
Is 174673 composite?
False
Is 633059 composite?
True
Is 26131 prime?
False
Is 23315 composite?
True
Is 47441 a composite number?
False
Is 183761 prime?
True
Is 1961 composite?
True
Is 92593 a composite number?
False
Is 99751 a prime number?
False
Is 88589 prime?
True
Is 1001431 prime?
True
Is 30803 prime?
True
Is 114593 prime?
True
Is 2957 prime?
True
Is 26287 a prime number?
False
Is 28363 a prime number?
False
Is 24943 a composite number?
False
Is 86689 a prime number?
True
Is 51059 a prime number?
True
Is 1014451 composite?
False
Is 5779 a composite number?
False
Is 12143 composite?
False
Is 13451 a composite number?
False
Is 23623 composite?
False
Is 60037 a composite number?
False
Is 59227 prime?
False
Is 4399 composite?
True
Is 2521901 composite?
False
Is 18406 a prime number?
False
Is 1761 prime?
False
Is 100759 a composite number?
True
Is 26777 a composite number?
False
Is 3013 composite?
True
Is 150137 a composite number?
True
Is 42647 composite?
True
Is 1993 composite?
False
Is 61169 composite?
False
Is 1073 a prime number?
False
Is 30029 prime?
True
Is 19207 a prime number?
True
Is 45691 composite?
False
Is 469 a prime number?
False
Is 383291 prime?
True
Is 9797 a prime number?
False
Is 140209 a composite number?
True
Is 9587 a prime number?
True
Is 46073 a prime number?
True
Is 4827 composite?
True
Is 14513 composite?
True
Is 47501 prime?
True
Is 208543 a prime number?
False
Is 271753 prime?
True
Is 99859 a prime number?
True
Is 129463 prime?
False
Is 231279 prime?
False
Is 208339 a prime number?
False
Is 1777 composite?
False
Is 8203 a prime number?
False
Is 12319 a composite number?
True
Is 676462 a prime number?
False
Is 251 a prime number?
True
Is 71699 prime?
True
Is 5509 prime?
False
Is 69143 prime?
True
Is 623 composite?
True
Is 422413 composite?
True
Is 1928317 a prime number?
True
Is 42487 a prime number?
True
Is 5686 a composite number?
True
Is 304019 prime?
False
Is 127003 a prime number?
False
Is 1593377 composite?
False
Is 41581 composite?
True
Is 114447 prime?
False
Is 5755 prime?
False
Is 99661 prime?
True
Is 14683 composite?
False
Is 13682 a prime number?
False
Is 5969 composite?
True
Is 977 a prime number?
True
Is 285937 a prime number?
True
Is 193009 composite?
False
Is 111317 composite?
False
Is 11113 composite?
False
Is 797969 prime?
False
Is 1402 composite?
True
Is 257479 composite?
True
Is 41011 composite?
False
Is 6973 a composite number?
True
Is 371953 prime?
False
Is 324503 a prime number?
True
Is 65623 a prime number?
False
Is 20873 prime?
True
Is 474365 prime?
False
Is 166337 a prime number?
False
Is 32161 a prime number?
False
Is 200569 a prime number?
True
Is 69269 prime?
False
Is 899447 a composite number?
False
Is 1780591 a prime number?
False
Is 53681 a composite number?
False
Is 4351829 composite?
True
Is 209789 a composite number?
False
Is 3037 composite?
False
Is 11963 prime?
False